{"id":18,"date":"2018-09-17T09:33:04","date_gmt":"2018-09-17T09:33:04","guid":{"rendered":"http:\/\/scms.com.pl\/?page_id=18"},"modified":"2018-09-17T22:34:26","modified_gmt":"2018-09-17T22:34:26","slug":"kontakt","status":"publish","type":"page","link":"https:\/\/scms.com.pl\/?page_id=18","title":{"rendered":"Kontakt"},"content":{"rendered":"<section class=\"kc-elm kc-css-98145 kc_row\"><div class=\"kc-row-container  kc-container\"><div class=\"kc-wrap-columns\"><div class=\"kc-elm kc-css-885548 kc_col-sm-12 kc_column kc_col-sm-12\"><div class=\"kc-col-container\"><div class=\"kc-elm kc-css-788736 kc_text_block\"><\/p>\n<h1 style=\"text-align: center;\">KONTAKT<\/h1>\n<p>\n<\/div>\n<div class=\"kc-elm kc-css-501450 divider_line\">\n\t<div class=\"divider_inner divider_line1\">\n\t\t\t<\/div>\n<\/div>\n<div class=\"kc-elm kc-css-371034\" style=\"height: 20px; clear: both; width:100%;\"><\/div><div class=\"kc-elm kc-css-769273 kc_text_block\"><\/p>\n<p style=\"text-align: center;\" align=\"center\">SCMS &#8211; \u015aL\u0104SKIE CENTRUM MEDYCYNY S\u0104DOWEJ W BYTOMIU<\/p>\n<p style=\"text-align: center;\" align=\"center\">41-902 BYTOM, ul. PIEKARSKA 110<\/p>\n<p style=\"text-align: center;\" align=\"justify\">W przypadku jakichkolwiek pyta\u0144 zwi\u0105zanych z nasz\u0105 ofert\u0105 prosimy o kontakt pod numerem telefonu: 665 100 353, fax: 32 389 30 40 lub o korespondencj\u0119 elektroniczn\u0105 na adres e-mail:<\/p>\n<p align=\"center\"><a href=\"mailto:laboratorium@scms.com.pl\">laboratorium@scms.com.pl<\/a><\/p>\n<p>\n<\/div><div class=\"kc-elm kc-css-933315\" style=\"height: 20px; clear: both; width:100%;\"><\/div>\n<div class=\"kc-elm kc-css-479884 divider_line\">\n\t<div class=\"divider_inner divider_line1\">\n\t\t\t<\/div>\n<\/div>\n<div class=\"kc-elm kc-css-849493 kc_google_maps kc_shortcode\"><div style=\"height: 350px\" class=\"kc-google-maps\"><iframe loading=\"lazy\" src=\"https:\/\/www.google.com\/maps\/embed?pb=!1m18!1m12!1m3!1d2492.993855687885!2d18.92028294395138!3d50.359527099194686!2m3!1f0!2f0!3f0!3m2!1i1024!2i768!4f13.1!3m3!1m2!1s0x4716d335e0578f29%3A0x946f57ce17772b85!2sPiekarska+103%2C+41-902+Bytom!5e0!3m2!1spl!2spl!4v1537181676613\" width=\"100%\" height=\"350\" frameborder=\"0\" style=\"border:0\" allowfullscreen><\/iframe><\/div><\/div><\/div><\/div><\/div><\/div><\/section>\n","protected":false},"excerpt":{"rendered":"","protected":false},"author":1,"featured_media":0,"parent":0,"menu_order":0,"comment_status":"closed","ping_status":"closed","template":"page-full-width.php","meta":{"footnotes":""},"_links":{"self":[{"href":"https:\/\/scms.com.pl\/index.php?rest_route=\/wp\/v2\/pages\/18"}],"collection":[{"href":"https:\/\/scms.com.pl\/index.php?rest_route=\/wp\/v2\/pages"}],"about":[{"href":"https:\/\/scms.com.pl\/index.php?rest_route=\/wp\/v2\/types\/page"}],"author":[{"embeddable":true,"href":"https:\/\/scms.com.pl\/index.php?rest_route=\/wp\/v2\/users\/1"}],"replies":[{"embeddable":true,"href":"https:\/\/scms.com.pl\/index.php?rest_route=%2Fwp%2Fv2%2Fcomments&post=18"}],"version-history":[{"count":7,"href":"https:\/\/scms.com.pl\/index.php?rest_route=\/wp\/v2\/pages\/18\/revisions"}],"predecessor-version":[{"id":157,"href":"https:\/\/scms.com.pl\/index.php?rest_route=\/wp\/v2\/pages\/18\/revisions\/157"}],"wp:attachment":[{"href":"https:\/\/scms.com.pl\/index.php?rest_route=%2Fwp%2Fv2%2Fmedia&parent=18"}],"curies":[{"name":"wp","href":"https:\/\/api.w.org\/{rel}","templated":true}]}}