{"id":12,"date":"2018-09-17T09:31:43","date_gmt":"2018-09-17T09:31:43","guid":{"rendered":"http:\/\/scms.com.pl\/?page_id=12"},"modified":"2018-09-17T12:41:28","modified_gmt":"2018-09-17T12:41:28","slug":"medycyna-sadowa","status":"publish","type":"page","link":"https:\/\/scms.com.pl\/?page_id=12","title":{"rendered":"Medycyna s\u0105dowa"},"content":{"rendered":"<section class=\"kc-elm kc-css-14591 kc_row\"><div class=\"kc-row-container  kc-container\"><div class=\"kc-wrap-columns\"><div class=\"kc-elm kc-css-65167 kc_col-sm-12 kc_column kc_col-sm-12\"><div class=\"kc-col-container\"><div class=\"kc-elm kc-css-350605 kc_text_block\"><\/p>\n<h1 style=\"text-align: center;\">MEDYCYNA S\u0104DOWA<\/h1>\n<p>\n<\/div>\n<div class=\"kc-elm kc-css-649054 divider_line\">\n\t<div class=\"divider_inner divider_line1\">\n\t\t\t<\/div>\n<\/div>\n<div class=\"kc-elm kc-css-194249\" style=\"height: 20px; clear: both; width:100%;\"><\/div><div class=\"kc-elm kc-css-105375 kc_text_block\"><\/p>\n<p>\u015al\u0105skie Centrum Medycyny S\u0105dowej w Bytomiu przedstawia ofert\u0119 na \u015bwiadczenie us\u0142ug w zakresie medycyny s\u0105dowej. Oferta niniejsza skierowana jest do powszechnych jednostek prokuratury, s\u0105d\u00f3w, jednostek policji i podmiot\u00f3w prywatnych.<\/p>\n<p>Oferta obejmuje kompleksowy zakres us\u0142ug w obr\u0119bie s\u0105dowo-lekarskich bada\u0144 sekcyjnych wraz z diagnostyk\u0105 histopatologiczn\u0105 oraz szeroki zakres opiniowania medyczno-s\u0105dowego w sprawach karnych oraz cywilnych; w szczeg\u00f3lno\u015bci oferujemy:<\/p>\n<p>SEKCJE ZW\u0141OK<\/p>\n<p>\u2713 s\u0105dowo-lekarskie ogl\u0119dziny i sekcje zw\u0142ok,<\/p>\n<p>\u2713 badania histopatologiczne wycink\u00f3w tkankowych ze zw\u0142ok,<\/p>\n<p>\u2713 kompleksowe opinie na postawie ustale\u0144 sekcyjnych oraz akt sprawy w zakresie ustale\u0144 przyczyny i mechanizmu zgonu,<\/p>\n<p>\u2713 opinie o charakterze rekonstrukcyjnym,<\/p>\n<p>OPINIOWANIE S\u0104DOWO-LEKARSKIE W SPRAWACH KARNYCH<\/p>\n<p>\u2713 konsultacje i porady medyczno-s\u0105dowe w zakresie prowadzonych spraw karnych,<\/p>\n<p>\u2713 ustalenie charakteru\/rodzaju obra\u017ce\u0144 cia\u0142a,<\/p>\n<p>\u2713 wypowiedzenie si\u0119 co do okoliczno\u015bci zdarzenia i jego przebiegu,<\/p>\n<p>\u2713 identyfikacja narz\u0119dzia, okre\u015blenie mechanizmu powstania obra\u017ce\u0144,<\/p>\n<p>\u2713 kwalifikacja prawna obra\u017ce\u0144 cia\u0142a,<\/p>\n<p>\u2713 ustalanie czasu, przyczyny i mechanizmu zgonu,<\/p>\n<p>\u2713 ocena zwi\u0105zku przyczynowo \u2013 skutkowego,<\/p>\n<p>\u2713 kompleksowe, wielospecjalistyczne opiniowanie w sprawach oceny post\u0119powania lekarskiego (z podejrzenia b\u0142\u0119du medycznego),<\/p>\n<p>\u2713 opiniowanie dot. ustalenia okoliczno\u015bci i przebiegu zdarze\u0144 komunikacyjnych \u2013 z mo\u017cliwo\u015bci\u0105 wydania opinii zespo\u0142owych interdyscyplinarnych,<\/p>\n<p>\u2713 ocena zdolno\u015bci os\u00f3b do udzia\u0142u w czynno\u015bciach procesowych,<\/p>\n<p>\u2713 obdukcje s\u0105dowo-lekarskie na zlecenie os\u00f3b prywatnych i organ\u00f3w \u015bcigania.<\/p>\n<p>OPINIOWANIE S\u0104DOWO-LEKARSKIE W SPRAWACH CYWILNYCH<\/p>\n<p>\u2713 konsultacje i porady medyczno-s\u0105dowe w zakresie prowadzonych spraw cywilnych,<\/p>\n<p>\u2713 zespo\u0142owe opiniowanie na podstawie akt sprawy i badania os\u00f3b poszkodowanych w zakresie oceny stopnia uczerbku na zdrowiu, ujemnych nast\u0119pstw zdrowotnych zdarze\u0144 wywo\u0142uj\u0105cych szkod\u0119 (sprawy o odszkodowanie i zado\u015b\u0107uczynienie),<\/p>\n<p>\u2713 ocena przyczyn i skutk\u00f3w wypadk\u00f3w przy pracy,<\/p>\n<p>\u2713 ocena zwi\u0105zku przyczynowo \u2013 skutkowego,<\/p>\n<p>\u2713 kompleksowe, wielospecjalistyczne opiniowanie w sprawach oceny post\u0119powania lekarskiego.<\/p>\n<p>ZAPEWNIAMY:<\/p>\n<p>\u2713 wysoki profesjonalizm wykonywanych us\u0142ug,<\/p>\n<p>\u2713 merytoryczno\u015b\u0107 i obiektywizm sporz\u0105dzanych opinii,<\/p>\n<p>\u2713 specjali\u015bci w zakresie medycyny s\u0105dowej posiadaj\u0105 stopnie naukowe i ponad 20-letnie do\u015bwiadczenie opiniodawcze dla organ\u00f3w procesowych ca\u0142ego kraju,<\/p>\n<p>\u2713 w zale\u017cno\u015bci od indywidualnych potrzeb i charakteru sprawy istnieje mo\u017cliwo\u015b\u0107 poszerzenia zespo\u0142u konsultacyjno-opiniuj\u0105cego o specjalist\u00f3w z r\u00f3\u017cnych dyscyplin klinicznych np. chor\u00f3b wewn\u0119trznych, kardiologii, ortopedii i traumatologii, neurologii, ginekologii i po\u0142o\u017cnictwa, itd.,<\/p>\n<p>\u2713 konkurencyjne warunki \u015bwiadczenia us\u0142ug.<\/p>\n<p>\u2713 istnieje mo\u017cliwo\u015b\u0107 indywidualnych uzgodnie\u0144 dotycz\u0105cych termin\u00f3w oraz koszt\u00f3w realizowanych zlece\u0144,<\/p>\n<p>W przypadku jakichkolwiek pyta\u0144 zwi\u0105zanych z\u00a0 nasz\u0105 ofert\u0105 prosimy o kontakt pod numerem telefonu\u00a0665\u00a0100 353 lub o korespondencj\u0119 elektroniczn\u0105 na adres e-mail:<\/p>\n<p>sekretariat@scms.com.pl<\/p>\n<p>\n<\/div><div class=\"kc-elm kc-css-388988\" style=\"height: 20px; clear: both; width:100%;\"><\/div>\n<div class=\"kc-elm kc-css-208403 divider_line\">\n\t<div class=\"divider_inner divider_line1\">\n\t\t\t<\/div>\n<\/div>\n<div class=\"kc-elm kc-css-734197 kc_shortcode kc_single_image\">\n\n        <img decoding=\"async\" src=\"https:\/\/scms.com.pl\/wp-content\/uploads\/2018\/09\/lab77.jpg\" class=\"\" alt=\"\" \/>    <\/div>\n<\/div><\/div><\/div><\/div><\/section>\n","protected":false},"excerpt":{"rendered":"","protected":false},"author":1,"featured_media":0,"parent":0,"menu_order":0,"comment_status":"closed","ping_status":"closed","template":"page-full-width.php","meta":{"footnotes":""},"_links":{"self":[{"href":"https:\/\/scms.com.pl\/index.php?rest_route=\/wp\/v2\/pages\/12"}],"collection":[{"href":"https:\/\/scms.com.pl\/index.php?rest_route=\/wp\/v2\/pages"}],"about":[{"href":"https:\/\/scms.com.pl\/index.php?rest_route=\/wp\/v2\/types\/page"}],"author":[{"embeddable":true,"href":"https:\/\/scms.com.pl\/index.php?rest_route=\/wp\/v2\/users\/1"}],"replies":[{"embeddable":true,"href":"https:\/\/scms.com.pl\/index.php?rest_route=%2Fwp%2Fv2%2Fcomments&post=12"}],"version-history":[{"count":5,"href":"https:\/\/scms.com.pl\/index.php?rest_route=\/wp\/v2\/pages\/12\/revisions"}],"predecessor-version":[{"id":145,"href":"https:\/\/scms.com.pl\/index.php?rest_route=\/wp\/v2\/pages\/12\/revisions\/145"}],"wp:attachment":[{"href":"https:\/\/scms.com.pl\/index.php?rest_route=%2Fwp%2Fv2%2Fmedia&parent=12"}],"curies":[{"name":"wp","href":"https:\/\/api.w.org\/{rel}","templated":true}]}}